r). Calculate l(1).
-5
Let s(w) = 5*w - 41. Suppose 5827*m + 7 = 5828*m. What is s(m)?
-6
Let u(w) = -31*w**2 - w. Let s be (9 - 1 - 3) + -13 + 9. Determine u(s).
-32
Suppose 4*x + 2*u = 13 + 13, -4*x = -2*u - 14. Let m = 1 - -1. Suppose 13 = x*b - m. Let f(t) = -t**3 + 5*t**2 - 4*t. Calculate f(b).
6
Let t(q) = 20*q**3 - q**2 + 2*q - 1. Suppose -94 = -2*y - r - 0*r, 5*r = -y + 47. Let v = -46 + y. Calculate t(v).
20
Let c(t) = -t**2 - 8*t - 7. Let v(x) be the second derivative of -x**4/12 + 2*x**3 + 7*x**2 + 2*x. Let o be v(12). Suppose o = 21*p - 23*p. What is c(p)?
0
Let p(r) = -r**2 + 5 - 344*r**3 + 686*r**3 - 343*r**3. What is p(0)?
5
Let w(m) be the first derivative of -m**2 - 6*m - 68. What is w(-3)?
0
Let z(q) = -q**3 + q**2 + 3*q + 1. Let f = -424 - -422. Give z(f).
7
Let q(t) be the first derivative of 3*t**2 - 7*t - 13. Let y(f) = 7*f - 8. Let s(p) = 6*q(p) - 5*y(p). Determine s(4).
2
Let v(m) be the third derivative of m**6/120 - 7*m**5/60 - m**4/6 - 4*m**3/3 + 6*m**2 + m. Give v(8).
24
Let l(u) = -2*u**2 - 4*u. Let s(h) = -h**3 + 24*h**2 - 23*h - 5. Let b be s(23). Calculate l(b).
-30
Let q(w) = 4*w + 12. Suppose -41 = 2*x + 5*s, 3 + 19 = -4*x + 2*s. What is q(x)?
-20
Suppose 0*b + 4*b - 41 = 5*o, -2*o + 3*b - 22 = 0. Let n(m) be the second derivative of m**5/20 + m**4/3 - m**3 - 3*m**2/2 - 2*m + 5. Determine n(o).
2
Let i(g) be the second derivative of -g**3/6 + 11*g**2/2 + g + 291. Calculate i(-8).
19
Let y(z) = z**2 - 5*z + 4. Let s(b) = -b + 3*b - 51 + 0*b - 8*b. Let t be s(-9). Calculate y(t).
-2
Let k(s) = -s - 6. Let b = -35 - -57. Suppose 0*r + 3*r = -5*m - b, -4*m + 2*r = 22. Give k(m).
-1
Let m = 5 + 1. Let b(s) = -9*s + 4 - 4 + 3*s + s**2 - 7. Give b(m).
-7
Let n(c) be the third derivative of 0*c**3 + 7/24*c**4 - 1/10*c**5 + 3*c**2 + 0*c - 1/120*c**6 + 0. Determine n(-7).
0
Suppose 10*f = 12 + 8. Suppose -2*a - 6 = f*q, 0*a - 4*q = -2*a - 24. Let i(o) = -4*o - 9. Give i(a).
15
Let s(u) = -4*u - 1 - 4 - 9*u + 11*u. Let k be s(0). Let i(g) = 3*g + 7. What is i(k)?
-8
Let c(d) be the first derivative of 1 - 1/3*d**3 - 2*d - 1/4*d**4 + 0*d**2. Calculate c(0).
-2
Let h(i) be the third derivative of i**4/8 + 7*i**3/2 + 76*i**2. What is h(-9)?
-6
Let a(z) = z + z**2 - 6*z + 3*z + 0*z - 4. What is a(4)?
4
Suppose 34*u = 36*u + 24. Let k be 10 + u - 0/(-2). Let y(o) = o**2 + 2*o - 1. Determine y(k).
-1
Suppose -3*p = -3*g + 42, -g - 3*g - 20 = 0. Let d = p + 21. Let c(i) = -d*i - 3*i - 5 + 4*i + i**2. Determine c(0).
-5
Suppose 7*c - b - 5 = 3*c, b = 3*c - 4. Suppose 0 = 2*u + c - 11, 5*w - u + 10 = 0. Let f(z) = -14*z**3 + z**2. Give f(w).
15
Let k be 448/(-49) + 12/(-14). Let p(z) = -2*z - 10. Calculate p(k).
10
Let c(h) = -h**3 + 3*h + 4. Suppose 3*f = -3*l - 12, -1 - 13 = 2*l + 5*f. What is c(l)?
6
Let k(v) be the third derivative of v**5/60 - v**4/6 - 5*v**3/6 + v**2. Suppose -r - 5 = 2*i, 13*i - 15 = -2*r + 14*i. Calculate k(r).
0
Let i(p) = -p**3 + p + 10. Suppose -w = -4*g - 6*w, 4*w = 5*g. Give i(g).
10
Let l(u) = 4*u**2 + 12 + 4*u**2 - 6 - 26*u. Let a(k) = 3*k**2 - 9*k + 2. Suppose 0 + 12 = 3*i. Let n(x) = i*l(x) - 11*a(x). Give n(-6).
-4
Let z(o) = -o - 13. Let t(p) = 18. Let q(u) = -2. Let v(j) = -8*q(j) - t(j). Let d(b) = 39*v(b) - 6*z(b). Determine d(-1).
-6
Let u(r) = -19*r - 17*r + 6 - r**2 - 22*r + 80*r - 21*r. Calculate u(-3).
-6
Let f(k) be the second derivative of k**5/10 + 17*k**4/12 + 3*k**3/2 + 3*k**2/2 + 329*k. Determine f(-8).
-5
Let b = 11 + -19. Let m(r) = r**2 - 3*r + 7. Let w be m(2). Let k = b + w. Let a(n) = -n + 4. Determine a(k).
7
Let j(f) be the third derivative of 0*f - 1/2*f**3 - 4*f**2 + 0 + 1/60*f**5 - 7/24*f**4. Let w be j(7). Let u(y) = 3*y - 2. What is u(w)?
-11
Let y(l) be the third derivative of -1/60*l**5 + 5/6*l**3 + 0*l - 5/24*l**4 - 5*l**2 + 0. Let f = 1 + -7. Give y(f).
-1
Let q(w) = -2*w**3 + 6*w**2 - 2*w - 1. Let h = 350 - 346. Determine q(h).
-41
Let p(y) be the second derivative of y**5/20 - 2*y**4/3 - y**3/3 + 6*y**2 + 57*y. What is p(8)?
-4
Let p(c) = 35*c - 350. Let k(a) = 5*a - 52. Let f(n) = -20*k(n) + 3*p(n). What is f(9)?
35
Let b(k) be the second derivative of 19*k + 0 + 1/3*k**3 + 0*k**2. What is b(8)?
16
Let x = 91 - 87. Suppose 4*j = 3*i - 13, x*j - 2 = i - 9. Let h(w) be the first derivative of -w**2/2 + 2*w + 2. Give h(i).
-1
Let g(n) = 6*n - 41. Let x(s) = -7*s + 50. Let j(v) = -4*g(v) - 3*x(v). Calculate j(5).
-1
Let q(g) = -6*g**2 - 17*g**2 + 41 + 0*g**3 + 4*g**2 - 16*g + 3*g**3 - 4*g**3. Determine q(-18).
5
Let p(o) = -3*o**2 - 25*o + 15. Let r be p(-11). Let k = -67 - r. Let l(s) = s**2 - 11*s + 6. Give l(k).
-24
Let w(z) = z**2 - 8*z - 102. Let j be w(15). Let f(r) = 3*r + 6*r**2 - 7*r**2 - 2*r. Determine f(j).
-6
Let g(z) be the second derivative of z**4/12 - z**3 + z**2 - 4*z + 31. What is g(10)?
42
Let f(b) = 2*b**2 + 17*b - 22. Let a be f(-10). Let j(n) = -n**3 + 9*n**2 - 10*n + 7. What is j(a)?
-9
Let s(i) = -1. Let g(u) = -7*u**2 + 3*u - 9. Let l(x) = 4*x**2 - x + 5. Let j(h) = -3*g(h) - 5*l(h). Let k(t) = j(t) + 4*s(t). Calculate k(4).
-2
Suppose 9 = 3*c + 24. Let v(s) = -16*s + 4. Let f(d) = -11*d + 4. Let o(m) = -3*f(m) + 2*v(m). What is o(c)?
-9
Let q(s) = 13*s**2 + 13*s**2 - 1 - 7*s + 2 - 25*s**2. Determine q(6).
-5
Let j(r) = -2 + 8 - 3*r - 6 + 7. What is j(8)?
-17
Let u(w) = 3*w**2 + w - 1. Let t = -278 + 281. Determine u(t).
29
Let b be (-2)/2 + (-21 - -24). Let g(q) be the second derivative of -1/3*q**3 + 5*q - 1/2*q**b + 0 + 11/12*q**4. Determine g(-1).
12
Suppose 5*g + 199 - 209 = 0. Let x(t) = -15 - 2*t**2 + 4 + t**g + 0*t**2. Give x(0).
-11
Let y(p) = 4*p**2 + p. Let r(c) = 5*c + 1. Let i be r(1). Suppose i = 2*v + 4. Let a be 2*(v/2 - 0). Calculate y(a).
5
Let q(z) be the third derivative of z**5/60 + z**4/6 + z**3 + z**2. Let g(l) = -l**2 + 10*l - 21. Let h be g(8). Determine q(h).
11
Let o(l) be the second derivative of l**4/12 + 11*l**3/6 + 8*l**2 - 536*l. Give o(-5).
-14
Let o(x) = -x - 20. Suppose 4*t - 16 = -4*k, -6 = k - 3*t + 2*t. Let r be 2 + (-4)/(-2)*k. What is o(r)?
-20
Let v(u) = u**2 + 6*u + 3. Suppose 0 = -0*g - 5*g + g. Suppose 0*t + 12*t + 60 = g. Determine v(t).
-2
Let k(f) = 5*f**2 - 3*f - 4. Let c(p) = -3*p**2 + 3*p + 10. Let t(v) = -v**2 + v + 3. Let n(g) = 2*c(g) - 7*t(g). Let r(i) = -k(i) + 4*n(i). Calculate r(2).
-6
Let a(l) = 17*l + 8. Let q(b) = 3*b - 17*b + 12*b + 8*b + 3. Let n(i) = -4*a(i) + 11*q(i). Give n(3).
-5
Let m(k) = -4 + k**2 + k + 0*k - 2*k. Suppose -28*g - 16 + 156 = 0. Give m(g).
16
Suppose 36*g = 26*g - 150. Let s(y) = y**3 + 15*y**2 - y - 15. Calculate s(g).
0
Let k(n) be the third derivative of n**5/60 - n**4/12 + n**3/6 - n**2. Let v(a) = 2*a**2 - 4*a + 4. Let q be v(2). Suppose 6 = q*z - z. Determine k(z).
1
Suppose -z - 14 = 3*c, -z = -c - 6*z - 28. Let l(g) = -2*g**3 - 2*g**2 - 2*g. Let q be l(-1). Let s(x) = -x**3 + q - 4 - 2*x - 1 - 2*x**2 + 4*x. Give s(c).
0
Let x(k) = -k**2 - 2*k + 7. Let b = -70 - -22. Let i be b/9 - (-2)/(-3). Give x(i).
-17
Let v(m) be the first derivative of -1/2*m**2 + 13 - 5*m. What is v(4)?
-9
Let r(w) = 20*w**3 + 28*w**2 - 34*w - 5. Let k(o) = -7*o**3 - 9*o**2 + 12*o + 2. Let s(g) = -17*k(g) - 6*r(g). Give s(-15).
-4
Let k(q) = q**2 + 5*q - 5. Let b(o) = -o - 44. Let z be b(6). Let n = z + 44. Give k(n).
1
Let n(p) be the second derivative of p**4/12 - p**3/6 + 4*p**2 - 349*p. Let b(i) = i + 10. Let g be b(-10). What is n(g)?
8
Let t be 10/(-14)*(-434)/62. Let v(b) = -24*b + 118. Determine v(t).
-2
Let d(h) be the third derivative of h**6/720 - h**5/30 + 13*h**4/24 - 6*h**2. Let a(c) be the second derivative of d(c). What is a(3)?
-1
Let z(n) = 6 + n + 7*n**2 + 6*n + n**3 + 2*n. Let k be ((-3)/(2 + 1))/(3/21). Let t be (12/(-14))/(k/(-49)). Determine z(t).
-12
Let z(i) = -i**3 - 16*i**2 + 37*i + 23. Let f be z(-18). Let y(s) = -s**2 + 4*s + 6. Give y(f).
1
Let s(r) = 3*r + 18. Let m be 5 + (-1)/8*-10*-12. Give s(m).
-12
Let o(n) be the first derivative of 5*n**4/4 - n**2/2 + 134. Calculate o(-1).
-4
Let f(o) be the third derivative of o**6/120 - o**5/20 + o**4/24 - 8*o**2 + 1. Determine f(3).
3
Let x = 898 + -900. Let j(f) = 4*f**2 - 2*f - 4. Calculate j(x).
16
Let f(a) = -a**3 - 4*a**2 + 8*a + 7. Suppose 12 = -p + 7. Determine f(p).
-8
Let a(f) = f**3 + 9*f